19?
True
Is 64720350 a multiple of 753?
True
Is 54491136 a multiple of 128?
True
Does 40 divide 1877545520?
True
Is 40411598 a multiple of 61?
False
Is 5661 a factor of 82418499?
True
Is 16874492 a multiple of 10?
False
Is 8 a factor of 233341928?
True
Does 25 divide 10995018?
False
Is 23918424 a multiple of 596?
False
Is 70432875 a multiple of 675?
True
Does 119 divide 539870513?
True
Is 108 a factor of 1113966799?
False
Does 463 divide 40164044?
False
Is 2337116843 a multiple of 2557?
False
Does 4621 divide 46123840?
False
Is 392824884 a multiple of 1414?
False
Does 1264 divide 95541968?
True
Is 28 a factor of 49394428?
False
Is 2455344352 a multiple of 314?
True
Is 6926662 a multiple of 22?
False
Is 20 a factor of 1162338380?
True
Is 7 a factor of 11045433?
True
Is 8917229 a multiple of 33?
False
Is 279914175 a multiple of 9?
True
Does 4012 divide 48585320?
True
Does 43 divide 29795474?
True
Is 3512291485 a multiple of 2588?
False
Is 5766 a factor of 2847412248?
True
Is 217 a factor of 196411691?
True
Does 53 divide 9418973?
False
Is 4 a factor of 390140520?
True
Is 404238848 a multiple of 64?
True
Does 123 divide 337315077?
True
Is 23271030 a multiple of 4?
False
Does 1952 divide 821050240?
True
Is 8 a factor of 199556224?
True
Is 16 a factor of 42364294?
False
Does 291 divide 22280124?
True
Is 278 a factor of 6772636?
True
Is 461 a factor of 288311244?
True
Is 36521100 a multiple of 1980?
True
Is 1740386 even?
True
Does 20 divide 108459540?
True
Is 13146530 a multiple of 6?
False
Does 99 divide 335074212?
True
Does 424 divide 839745326?
False
Does 4 divide 1087396?
True
Is 410817558 a multiple of 4674?
False
Does 251 divide 10335176?
True
Is 2619 a factor of 601071193?
False
Is 6 a factor of 12759792?
True
Is 2076753900 a multiple of 60?
True
Is 177 a factor of 98125759?
False
Is 52983111 a multiple of 5?
False
Is 2541106 a multiple of 98?
False
Is 926 a factor of 41446834?
True
Does 166 divide 1239688?
True
Is 187283355 a multiple of 1545?
True
Is 635188615 a multiple of 5419?
False
Is 90433234 a multiple of 17?
True
Is 742 a factor of 260316602?
True
Does 284 divide 369320635?
False
Is 51112380 a multiple of 1419?
True
Is 250196132 a multiple of 49?
False
Is 80302912 a multiple of 16?
True
Is 1475 a factor of 55690100?
True
Does 828 divide 48718692?
True
Is 100 a factor of 7423100?
True
Is 33 a factor of 4903404?
True
Is 5284 a factor of 250627554?
False
Is 7462057 a multiple of 2?
False
Does 108 divide 9721019?
False
Is 4271311 a multiple of 161?
False
Is 240631060 a multiple of 1279?
True
Is 3814085751 a multiple of 16?
False
Is 464277048 a multiple of 2012?
True
Is 3486 a factor of 2215035665?
False
Does 497 divide 1410097843?
True
Is 9 a factor of 915050817?
True
Does 1115 divide 106433022?
False
Is 2994383801 a multiple of 26?
False
Does 1661 divide 85096352?
True
Does 932 divide 12368572?
True
Does 136 divide 1282012024?
True
Is 941584683 a multiple of 430?
False
Does 1028 divide 15211842?
False
Is 2025663853 a multiple of 3761?
False
Is 3 a factor of 272266900?
False
Does 42 divide 132062784?
True
Does 17 divide 100791028?
True
Is 3 a factor of 11118442?
False
Does 374 divide 675312138?
False
Does 3329 divide 323686195?
False
Does 71 divide 24404759?
True
Is 21 a factor of 2802282?
True
Is 141 a factor of 4916898561?
True
Does 617 divide 163219382?
False
Is 33 a factor of 2291309658?
True
Is 381466822 a multiple of 36?
False
Is 32 a factor of 42029760?
True
Is 1082189210 a multiple of 121?
False
Does 10 divide 17903590?
True
Does 1270 divide 178981529?
False
Is 332 a factor of 97470220?
True
Does 554 divide 151946134?
True
Is 133627089 a multiple of 144?
False
Does 2710 divide 29322200?
True
Is 183 a factor of 1904524188?
True
Is 3067143376 a multiple of 2672?
True
Is 40245523 a multiple of 823?
True
Is 49 a factor of 9198621?
False
Is 16837230 a multiple of 285?
True
Is 103863024 a multiple of 12?
True
Is 1485967897 a multiple of 32?
False
Does 754 divide 41995538?
True
Is 6073354 a multiple of 98?
True
Is 755616810 a multiple of 30?
True
Does 99 divide 933774342?
False
Is 2067 a factor of 260125749?
True
Does 14 divide 703049466?
True
Is 2987 a factor of 36731139?
True
Does 52 divide 1299688?
True
Is 379 a factor of 25522917?
False
Does 49 divide 1558754252?
False
Is 123971232 a multiple of 81?
False
Is 1143925989 a multiple of 267?
True
Does 1602 divide 51523028?
False
Does 705 divide 14092791?
False
Is 1101 a factor of 219287271?
True
Is 22415046 a multiple of 3035?
False
Is 974309973 a multiple of 121?
False
Does 113 divide 588749008?
False
Is 60188002 a multiple of 2?
True
Is 198274982 a multiple of 2038?
True
Is 619690272 a multiple of 13?
False
Is 72 a factor of 157616640?
True
Does 31 divide 39611113?
False
Is 187 a factor of 1562803157?
False
Does 436 divide 23820228?
False
Is 32 a factor of 181467433?
False
Does 50 divide 120296987?
False
Is 100 a factor of 441968956?
False
Does 24 divide 317988048?
True
Does 235 divide 33548130?
True
Is 55 a factor of 15737158?
False
Is 1404370 a multiple of 55?
True
Does 2350 divide 353167485?
False
Is 5957992 a multiple of 58?
True
Does 108 divide 2020751928?
True
Is 289112336 a multiple of 599?
False
Does 939 divide 92906538?
True
Is 875665537 a multiple of 300?
False
Is 51332316 a multiple of 3502?
True
Is 130676529 a multiple of 146?
False
Is 76 a factor of 636190376?
True
Is 18 a factor of 163812834?
True
Is 620 a factor of 16463480?
True
Is 4293277296 a multiple of 33?
True
Is 19159110 a multiple of 45?
True
Is 82940720 a multiple of 40?
True
Does 33 divide 24727428?
True
Is 3744420902 a multiple of 783?
False
Is 208 a factor of 111939360?
True
Does 66 divide 10050426?
False
Does 798 divide 12095443?
False
Is 81489456 a multiple of 16?
True
Is 11 a factor of 23750247?
False
Is 19858959 a multiple of 339?
True
Is 2616472600 a multiple of 392?
True
Is 70579648 a multiple of 2?
True
Is 1456 a factor of 1401171601?
False
Is 368909700 a multiple of 57?
True
Is 158146838 a multiple of 326?
True
Does 1613 divide 77344737?
False
Is 634 a factor of 4233919?
False
Is 982 a factor of 76924929?
False
Is 84 a factor of 229362084?
True
Is 287 a factor of 139677760?
False
Does 35 divide 41812260?
True
Is 5368908 a multiple of 34?
False
Is 64576644 a multiple of 33?
True
Is 1823717344 a multiple of 32?
True
Is 13 a factor of 4440564026?
False
Does 5615 divide 2004932731?
False
Is 17110584 a multiple of 963?
True
Does 64 divide 112649407?
False
Is 5145 a factor of 486737580?
True
Does 109 divide 36686387?
False
Is 3027667986 a multiple of 35?
False
Is 304840307 a multiple of 79?
False
Does 736 divide 316288243?
False
Is 5 a factor of 151906705?
True
Is 2 a factor of 1209204752?
True
Is 147051576 a multiple of 24?
True
Does 10 divide 44269263?
False
Does 7 divide 21761349?
False
Does 226 divide 332702058?
True
Is 1617141722 a multiple of 4487?
True
Is 1273 a factor of 45694335?
True
Is 14294016 a multiple of 47?
True
Is 193 a factor of 11783705?
False
Is 177 a factor of 40292577?
False
Does 458 divide 113775902?
True
Does 75 divide 205181025?
True
Is 1894731900 a multiple of 1670?
True
Does 1039 divide 205280425?
True
Is 346161212 a multiple of 922?
True
Is 240930144 a multiple of 8?
True
Does 438 divide 1067777862?
True
Is 68517608 a multiple of 119?
False
Does 10 divide 16956620?
True
Does 94 divide 15123107?
False
Is 1540 a factor of 2372297620?
True
Is 4 a factor of 109676104?
True
Is 78085854 a multiple of 1113?
True
Is 54 a factor of 66212817?
False
Does 1861 divide 5402290779?
False
Is 66 a factor of 70826025?
False
Is 3125856 a multiple of 129?
False
Is 6 a factor of 8913408?
True
Is 32836104 a multiple of 21?
True
Does 2677 divide 134205929?
False
Is 28833640 a multiple of 38?
True
Is 332 a factor of 1415917624?
False
Is 12719664 a multiple of 304?
True
Does 241 divide 37360784?
True
Is 32 a factor of 2632574?
False
Is 21 a factor of 19682000?
False
Is 915 a factor of 561204270?
True
Is 109721833 even?
False
Is 17312940 a multiple of 20?
True
Does 2560 divide 612577280?
True
Is 5 a factor of 378289417?
False
Is 5 a factor of 394645051?
False
Is 316 a factor of 1663649624?
True
Does 195 divide 70631883?
False
Is 3087 a factor of 558727346?
False
Is 35 a factor of 34284355?
True
Is 9